{"id":1051,"date":"2021-02-15T14:22:35","date_gmt":"2021-02-15T13:22:35","guid":{"rendered":"http:\/\/localhost:8888\/?page_id=1051"},"modified":"2021-03-31T12:37:13","modified_gmt":"2021-03-31T10:37:13","slug":"upc","status":"publish","type":"page","link":"https:\/\/designbuero-zabel.de\/?page_id=1051","title":{"rendered":"Up-Cycling"},"content":{"rendered":"<p><section class=\"fw-main-row  upc-1\" style=\"background-color:#ffffff;\" >\n\t<div class=\"fw-container\">\n\t\t<div class=\"fw-row\">\n\t<div class=\"fw-col-xs-12\">\n\t<img decoding=\"async\" src=\"\/\/designbuero-zabel.de\/wp-content\/uploads\/2021\/02\/01_titel_uc.png\" alt=\"\/\/designbuero-zabel.de\/wp-content\/uploads\/2021\/02\/01_titel_uc.png\" class=\"upc-1-img-1\" \/><\/div>\n<\/div>\n\n\t<\/div>\n<\/section>\n<section class=\"fw-main-row  upc-2\" style=\"background-color:#ffffff;\" >\n\t<div class=\"fw-container\">\n\t\t<div class=\"fw-row\">\n\t<div class=\"fw-col-xs-12\">\n\t<img decoding=\"async\" src=\"\/\/designbuero-zabel.de\/wp-content\/uploads\/2021\/02\/02_nachhaltig-scaled.jpg\" alt=\"\/\/designbuero-zabel.de\/wp-content\/uploads\/2021\/02\/02_nachhaltig-scaled.jpg\" class=\"upc-2-img-1\" \/><\/div>\n<\/div>\n\n<div class=\"fw-row\">\n\t<div class=\"fw-col-xs-12\">\n\t<div class=\"upc-2-div-1\"><h1>Nachhaltigkeit kostet nicht die Welt<\/h1><h3>... zahlt sich aber f\u00fcrs Markenprofil aus<\/h3><p>Wenn Nachhaltigkeit zum Marken-Profil geh\u00f6rt, reicht es nicht, dies zu beteuern. Handeln und Handlungsanleitungen sind gefragt.<br \/>Sch\u00f6n und gut, wenn man eine gute Recyclingquote vorweisen kann. Noch besser man kann erg\u00e4nzend dazu Prima-Klima-Upcycling-Ideen pr\u00e4sentieren.<\/p><\/div><\/div>\n<\/div>\n\n<div class=\"fw-row\">\n\t<div class=\"fw-col-xs-12 fw-col-sm-3\">\n\t<div class=\"upc-2-div-2\"><h3>Echt knorke!<\/h3><p>Wer seine Korken nicht beim NABU abgibt, fertigt daraus einen herzigen Topfuntersetzer.<\/p><\/div><\/div>\n<div class=\"fw-col-xs-12 fw-col-sm-3\">\n\t<div class=\"upc-2-div-2\"><h3>Vom Verschluss zum Schl\u00fcssel<\/h3><p>Upcycling Anh\u00e4nger vor! Wer fertigt den schicksten Ohrh\u00e4nger oder Schl\u00fcsselanh\u00e4nger?<\/p><\/div><\/div>\n<div class=\"fw-col-xs-12 fw-col-sm-3\">\n\t<div class=\"upc-2-div-2\"><h3>Der Pflanzendurstl\u00f6scher<\/h3><p>Aus einer PET-Flasche wird mit einem beherzten Schnitt ein Selbstbew\u00e4sserungssystem.<\/p><\/div><\/div>\n<div class=\"fw-col-xs-12 fw-col-sm-3\">\n\t<div class=\"upc-2-div-2\"><h3>Bildsch\u00f6n: nicht nur f\u00fcr Flaschen<\/h3><p>So setzen Kronkorken als Magneten bildsch\u00f6ne Akzente.<\/p><\/div><\/div>\n<\/div>\n\n\t<\/div>\n<\/section>\n<section class=\"fw-main-row  upc-3\" style=\"background-color:#ffffff;background-image:url(https:\/\/designbuero-zabel.de\/wp-content\/uploads\/2021\/02\/08_fond-min.png);\" >\n\t<div class=\"fw-container\">\n\t\t<div class=\"fw-row\">\n\t<div class=\"fw-col-xs-12 fw-col-sm-8\">\n\t<img decoding=\"async\" src=\"\/\/designbuero-zabel.de\/wp-content\/uploads\/2021\/02\/03_faust-min.png\" alt=\"\/\/designbuero-zabel.de\/wp-content\/uploads\/2021\/02\/03_faust-min.png\" class=\"upc-3-img-1\" \/><\/div>\n<div class=\"fw-col-xs-12 fw-col-sm-4\">\n\t<img decoding=\"async\" src=\"\/\/designbuero-zabel.de\/wp-content\/uploads\/2021\/02\/04_signet-min.png\" alt=\"\/\/designbuero-zabel.de\/wp-content\/uploads\/2021\/02\/04_signet-min.png\" class=\"upc-3-img-2\" \/><\/div>\n<\/div>\n\n<div class=\"fw-row\">\n\t<div class=\"fw-col-xs-12 fw-col-sm-6\">\n\t<h1>Reinkarnation als Lifehack!?<\/h1><h3>Bodenst\u00e4ndig oder spirituell! Ganz, wie es euch gef\u00e4llt.<\/h3><p>Okay, die meisten unserer Ideen f\u00fcr die Wieder- geburt banaler Gebinde als originelle Kniffe f\u00fcr den Alltag sind eher so bodenst\u00e4ndig wie unsere Kr\u00e4uterbeet-Ordner aus Weinkorken. Sie k\u00f6nnen aber auch erleuchtend sein wie unsere Duft\u00f6llam- pen aus preisgekr\u00f6nten Designflaschen.<\/p><h3>Crossmedial vernetzt<\/h3><p>Alle Anleitungen locken nat\u00fcrlich auch ins Netz.<\/p><img decoding=\"async\" src=\"\/\/designbuero-zabel.de\/wp-content\/uploads\/2021\/02\/05_post-min.jpg\" alt=\"\/\/designbuero-zabel.de\/wp-content\/uploads\/2021\/02\/05_post-min.jpg\" class=\"upc-3-img-4\" \/><\/div>\n<div class=\"fw-col-xs-12 fw-col-sm-3\">\n\t<img decoding=\"async\" src=\"\/\/designbuero-zabel.de\/wp-content\/uploads\/2021\/02\/06_anz_01-min.png\" alt=\"\/\/designbuero-zabel.de\/wp-content\/uploads\/2021\/02\/06_anz_01-min.png\" class=\"upc-3-img-3\" \/><\/div>\n<div class=\"fw-col-xs-12 fw-col-sm-3\">\n\t<img decoding=\"async\" src=\"\/\/designbuero-zabel.de\/wp-content\/uploads\/2021\/02\/07_anz_02-min.png\" alt=\"\/\/designbuero-zabel.de\/wp-content\/uploads\/2021\/02\/07_anz_02-min.png\" class=\"upc-3-img-5\" \/><\/div>\n<\/div>\n\n\t<\/div>\n<\/section>\n<section class=\"fw-main-row  upc-4\" style=\"background-color:#ffffff;\" >\n\t<div class=\"fw-container\">\n\t\t<div class=\"fw-row\">\n\t<div class=\"fw-col-xs-12 fw-col-sm-3\">\n\t<img decoding=\"async\" src=\"\/\/designbuero-zabel.de\/wp-content\/uploads\/2021\/02\/09_Bild_01-min.jpg\" alt=\"\/\/designbuero-zabel.de\/wp-content\/uploads\/2021\/02\/09_Bild_01-min.jpg\" class=\"upc-4-img-1\" \/><\/div>\n<div class=\"fw-col-xs-12 fw-col-sm-3\">\n\t<img decoding=\"async\" src=\"\/\/designbuero-zabel.de\/wp-content\/uploads\/2021\/02\/10_Bild_02-min.jpg\" alt=\"\/\/designbuero-zabel.de\/wp-content\/uploads\/2021\/02\/10_Bild_02-min.jpg\" class=\"upc-4-img-1\" \/><\/div>\n<div class=\"fw-col-xs-12 fw-col-sm-3\">\n\t<img decoding=\"async\" src=\"\/\/designbuero-zabel.de\/wp-content\/uploads\/2021\/02\/11_Bild_03-min.jpg\" alt=\"\/\/designbuero-zabel.de\/wp-content\/uploads\/2021\/02\/11_Bild_03-min.jpg\" class=\"upc-4-img-1\" \/><\/div>\n<div class=\"fw-col-xs-12 fw-col-sm-3\">\n\t<img decoding=\"async\" src=\"\/\/designbuero-zabel.de\/wp-content\/uploads\/2021\/02\/12_Bild_04-min.jpg\" alt=\"\/\/designbuero-zabel.de\/wp-content\/uploads\/2021\/02\/12_Bild_04-min.jpg\" class=\"upc-4-img-1\" \/><\/div>\n<\/div>\n\n<div class=\"fw-row\">\n\t<div class=\"fw-col-xs-12 fw-col-sm-3\">\n\t<img decoding=\"async\" src=\"\/\/designbuero-zabel.de\/wp-content\/uploads\/2021\/02\/13_Bild_05-min.jpg\" alt=\"\/\/designbuero-zabel.de\/wp-content\/uploads\/2021\/02\/13_Bild_05-min.jpg\" class=\"upc-4-img-2\" \/><\/div>\n<div class=\"fw-col-xs-12 fw-col-sm-3\">\n\t<img decoding=\"async\" src=\"\/\/designbuero-zabel.de\/wp-content\/uploads\/2021\/02\/14_Bild_06-min.jpg\" alt=\"\/\/designbuero-zabel.de\/wp-content\/uploads\/2021\/02\/14_Bild_06-min.jpg\" class=\"upc-4-img-2\" \/><\/div>\n<div class=\"fw-col-xs-12 fw-col-sm-3\">\n\t<img decoding=\"async\" src=\"\/\/designbuero-zabel.de\/wp-content\/uploads\/2021\/02\/15_Bild_07-min.jpg\" alt=\"\/\/designbuero-zabel.de\/wp-content\/uploads\/2021\/02\/15_Bild_07-min.jpg\" class=\"upc-4-img-2\" \/><\/div>\n<div class=\"fw-col-xs-12 fw-col-sm-3\">\n\t<img decoding=\"async\" src=\"\/\/designbuero-zabel.de\/wp-content\/uploads\/2021\/02\/16_Bild_08-min.jpg\" alt=\"\/\/designbuero-zabel.de\/wp-content\/uploads\/2021\/02\/16_Bild_08-min.jpg\" class=\"upc-4-img-2\" \/><\/div>\n<\/div>\n\n\t<\/div>\n<\/section>\n<section class=\"fw-main-row  upc-5\" style=\"background-color:#ffffff;\" >\n\t<div class=\"fw-container\">\n\t\t<div class=\"fw-row\">\n\t<div class=\"fw-col-xs-12 fw-col-sm-6\">\n\t<div class=\"upc-5-div-2\"><h1>Bei uns wird scharf geschossen.<\/h1><h3>Und zwar ziemlich schnell sowie hochprofessionell<\/h3><p>Unsere SELF&amp;MADE-Ideen leben davon, dass sie augen- f\u00e4llig ins Bild gesetzt werden.<\/p><p>Nur so k\u00f6nnen sie als Blickfang wirken und Begehrlichkeit wecken. Durch die \u00fcber viele Jahre eingespielte enge Kooperation mit Fotostudios, Modellagenturen, Styling\/ Food-Styling und Visagisten zeichnet uns eine hohe Foto- kompetenz aus.<\/p><p><strong>Egal ob Food, Glas oder Interieurs: In wenigen Tagen k\u00f6nnen wir unsere Kreationen ins rechte Licht setzen.<\/strong><\/p><\/div><\/div>\n<div class=\"fw-col-xs-12 fw-col-sm-6\">\n\t<img decoding=\"async\" src=\"\/\/designbuero-zabel.de\/wp-content\/uploads\/2021\/02\/17_scharf_geschossen_01.gif\" alt=\"\/\/designbuero-zabel.de\/wp-content\/uploads\/2021\/02\/17_scharf_geschossen_01.gif\" class=\"upc-5-img-1\" \/><\/div>\n<\/div>\n\n<div class=\"fw-row\">\n\t<div class=\"fw-col-xs-12 fw-col-sm-8\">\n\t<img decoding=\"async\" src=\"\/\/designbuero-zabel.de\/wp-content\/uploads\/2021\/02\/18_scharf_geschossen_02-min-scaled.jpg\" alt=\"\/\/designbuero-zabel.de\/wp-content\/uploads\/2021\/02\/18_scharf_geschossen_02-min-scaled.jpg\" class=\"upc-5-img-2\" \/><\/div>\n<div class=\"fw-col-xs-12 fw-col-sm-4\">\n\t<img decoding=\"async\" src=\"\/\/designbuero-zabel.de\/wp-content\/uploads\/2021\/02\/19_scharf_geschossen_03-min.jpg\" alt=\"\/\/designbuero-zabel.de\/wp-content\/uploads\/2021\/02\/19_scharf_geschossen_03-min.jpg\" class=\"upc-5-img-2 upc-5-img-3\" \/><\/div>\n<\/div>\n\n<div class=\"fw-row\">\n\t<div class=\"fw-col-xs-12 fw-col-sm-4\">\n\t<img decoding=\"async\" src=\"\/\/designbuero-zabel.de\/wp-content\/uploads\/2021\/02\/20_scharf_geschossen_04-min.jpg\" alt=\"\/\/designbuero-zabel.de\/wp-content\/uploads\/2021\/02\/20_scharf_geschossen_04-min.jpg\" class=\"upc-5-img-2 upc-5-img-3\" \/><\/div>\n<div class=\"fw-col-xs-12 fw-col-sm-8\">\n\t<img decoding=\"async\" src=\"\/\/designbuero-zabel.de\/wp-content\/uploads\/2021\/02\/21_scharf_geschossen_05-min-scaled.jpg\" alt=\"\/\/designbuero-zabel.de\/wp-content\/uploads\/2021\/02\/21_scharf_geschossen_05-min-scaled.jpg\" class=\"upc-5-img-2\" \/><\/div>\n<\/div>\n\n<div class=\"fw-row\">\n\t<div class=\"fw-col-xs-12 fw-col-sm-6\">\n\t<img decoding=\"async\" src=\"\/\/designbuero-zabel.de\/wp-content\/uploads\/2021\/02\/22_scharf_geschossen_06-min-scaled.jpg\" alt=\"\/\/designbuero-zabel.de\/wp-content\/uploads\/2021\/02\/22_scharf_geschossen_06-min-scaled.jpg\" class=\"upc-5-img-2\" \/><\/div>\n<div class=\"fw-col-xs-12 fw-col-sm-6\">\n\t<img decoding=\"async\" src=\"\/\/designbuero-zabel.de\/wp-content\/uploads\/2021\/02\/23_scharf_geschossen_07-min-scaled.jpg\" alt=\"\/\/designbuero-zabel.de\/wp-content\/uploads\/2021\/02\/23_scharf_geschossen_07-min-scaled.jpg\" class=\"upc-5-img-2\" \/><\/div>\n<\/div>\n\n<div class=\"fw-row\">\n\t<div class=\"fw-col-xs-12 fw-col-sm-6\">\n\t<div class=\"upc-5-div-1\"><h1>Guckt mal wieder kein Schwein?<\/h1><h3>Weil sparen um jeden Preis angesagt ist, es aber trotzdem die eierlegende Wollmilchsau sein soll?<\/h3><p>Schauen wir mal, was geht: Denn wir sind auch mit allen g\u00e4ngigen Kaufbildbanken vertraut. Das Budget will es mitunter so. Wir holen auf jedem Fall das Beste raus: schweineg\u00fcnstig und trotzdem saustark.<\/p><p><strong>Zumindest kostenbewusst mit m\u00f6glichst wenig Qualit\u00e4tsverlust!<\/strong><\/p><\/div><\/div>\n<div class=\"fw-col-xs-12 fw-col-sm-6\">\n\t<img decoding=\"async\" src=\"\/\/designbuero-zabel.de\/wp-content\/uploads\/2021\/02\/24_scharf_geschossen_08-min-scaled.jpg\" alt=\"\/\/designbuero-zabel.de\/wp-content\/uploads\/2021\/02\/24_scharf_geschossen_08-min-scaled.jpg\" class=\"upc-5-img-2\" \/><\/div>\n<\/div>\n\n\t<\/div>\n<\/section>\n<\/p>\n","protected":false},"excerpt":{"rendered":"<p>Nachhaltigkeit kostet nicht die Welt&#8230; zahlt sich aber f\u00fcrs Markenprofil ausWenn Nachhaltigkeit zum Marken-Profil geh\u00f6rt, reicht es nicht, dies zu beteuern. Handeln und Handlungsanleitungen sind gefragt.Sch\u00f6n und gut, wenn man eine gute Recyclingquote vorweisen kann. Noch besser man kann erg\u00e4nzend dazu Prima-Klima-Upcycling-Ideen pr\u00e4sentieren. Echt knorke!Wer seine Korken nicht beim NABU abgibt, fertigt daraus einen herzigen [&hellip;]<\/p>\n","protected":false},"author":1,"featured_media":0,"parent":0,"menu_order":0,"comment_status":"closed","ping_status":"closed","template":"","meta":{"footnotes":""},"class_list":["post-1051","page","type-page","status-publish","hentry"],"_links":{"self":[{"href":"https:\/\/designbuero-zabel.de\/index.php?rest_route=\/wp\/v2\/pages\/1051","targetHints":{"allow":["GET"]}}],"collection":[{"href":"https:\/\/designbuero-zabel.de\/index.php?rest_route=\/wp\/v2\/pages"}],"about":[{"href":"https:\/\/designbuero-zabel.de\/index.php?rest_route=\/wp\/v2\/types\/page"}],"author":[{"embeddable":true,"href":"https:\/\/designbuero-zabel.de\/index.php?rest_route=\/wp\/v2\/users\/1"}],"replies":[{"embeddable":true,"href":"https:\/\/designbuero-zabel.de\/index.php?rest_route=%2Fwp%2Fv2%2Fcomments&post=1051"}],"version-history":[{"count":26,"href":"https:\/\/designbuero-zabel.de\/index.php?rest_route=\/wp\/v2\/pages\/1051\/revisions"}],"predecessor-version":[{"id":2318,"href":"https:\/\/designbuero-zabel.de\/index.php?rest_route=\/wp\/v2\/pages\/1051\/revisions\/2318"}],"wp:attachment":[{"href":"https:\/\/designbuero-zabel.de\/index.php?rest_route=%2Fwp%2Fv2%2Fmedia&parent=1051"}],"curies":[{"name":"wp","href":"https:\/\/api.w.org\/{rel}","templated":true}]}}